t o(m) = -5*m**2 + 3*m + 2. Calculate o(-2).
-24
Let w(c) = -c**2 - c + 7. Calculate w(6).
-35
Let b(n) = -n**2 - 46*n - 290. Calculate b(-38).
14
Let f(v) = 2*v**2 - 9*v - 11. Calculate f(5).
-6
Let n(z) = z**2 + 72*z + 393. Calculate n(-6).
-3
Let v(g) = -2*g**2 + 6*g + 10. Calculate v(4).
2
Let s(i) = 2*i**3 + i**2 + i + 1. What is s(2)?
23
Let d(w) = w**3 + 16*w**2 + 14*w - 34. What is d(-15)?
-19
Let v(r) = r**2 + 29. Calculate v(0).
29
Let p(o) = -o**2 + 17*o - 27. What is p(15)?
3
Let o(j) = j**2 - 18*j + 71. Give o(12).
-1
Let z(i) = -i**2 - 18*i - 2. What is z(-17)?
15
Let u(q) = -58*q**3 + 2*q + 2. Give u(-1).
58
Let p(l) = 12*l**3 + l**2 + 2*l - 3. Calculate p(1).
12
Let l(o) = 2*o + 22. Give l(-11).
0
Let a(k) = 6*k - 190. Determine a(31).
-4
Let w(z) = -2*z**3 + 8*z**2 + 3*z - 9. Calculate w(4).
3
Let i(a) = 2*a**3 + 67*a**2 + 34*a + 35. Give i(-33).
2
Let l(d) = -d**2 - 4*d + 11. Determine l(-7).
-10
Let j(c) = -4*c - 15. What is j(-6)?
9
Let q(f) = -f - 92. Give q(0).
-92
Let i(t) = t**2 + 11*t - 28. Give i(-13).
-2
Let g(q) = -2*q**3 - 4*q**2 + 7*q + 1. What is g(-3)?
-2
Let k(d) = d + 42. Give k(-11).
31
Let a(z) = z**2 - 3*z - 1. Determine a(3).
-1
Let h(x) = -2*x**3 - x. What is h(-1)?
3
Let k(o) = -4*o - 92. Determine k(-20).
-12
Let t(v) = 8*v - 126. Calculate t(14).
-14
Let w(k) = 2*k**2 + 18*k + 26. Determine w(-6).
-10
Let p(o) = -8*o - 3. Calculate p(1).
-11
Let k(r) = -2*r**3 - 45*r**2 - 21*r + 18. What is k(-22)?
-4
Let m(d) = -d**3 - 10*d**2 - 12*d - 31. Determine m(-9).
-4
Let l(o) = -o - 1. What is l(-7)?
6
Let a(o) = -6*o - 68. What is a(-11)?
-2
Let k(l) = -l**3 - 7*l**2 + 4*l - 8. Calculate k(-8).
24
Let c(k) = 4*k**2 - 13*k - 1. What is c(4)?
11
Let f(c) = -2*c**2 + 7*c - 1. Give f(8).
-73
Let h(l) = l**3 + 3*l - 3. Determine h(3).
33
Let f(c) = -10*c + 3. Give f(2).
-17
Let v(g) = 7*g**3 - g**2. Determine v(-1).
-8
Let b(k) = -k + 4. Give b(-19).
23
Let u(l) = 2*l**3 + l**2 - 4*l. Determine u(-2).
-4
Let q(w) = -w**2 + 4*w + 4. Give q(-1).
-1
Let i(b) = 13*b**2 + 16*b - 27. Determine i(2).
57
Let q(n) = -n**3 + 3*n**2 + 14*n + 7. Calculate q(5).
27
Let d(k) = k**3 + 12*k**2 - 11*k - 157. Determine d(-12).
-25
Let w(l) = -11*l - 14. Give w(-1).
-3
Let k(y) = -y**3 + 4*y**2 + 2*y - 6. Determine k(4).
2
Let x(z) = -4*z - 4. Calculate x(-3).
8
Let g(t) = 5*t**2 - 10*t + 8. What is g(5)?
83
Let s(z) = -10*z - 34. Calculate s(-6).
26
Let r(b) = -b**2 + 14*b + 6. Determine r(15).
-9
Let w(a) = 13*a - 345. Determine w(26).
-7
Let c(s) = 3*s**2 + 13*s. What is c(-7)?
56
Let j(n) = 11*n + 12. Determine j(-5).
-43
Let a(d) = -5*d - 1. Give a(-5).
24
Let j(b) = 22*b + 358. What is j(-16)?
6
Let a(z) = 2*z**2 + 11*z - 8. Give a(-6).
-2
Let u(x) = 31*x + 3. Determine u(1).
34
Let x(d) = -3*d**2 - 14*d + 6. Give x(-5).
1
Let r(j) = j**3 + 14*j**2 + 24*j - 34. What is r(-11)?
65
Let l(f) = -3*f**2 + 27*f - 38. Calculate l(7).
4
Let c(k) = 30*k - 94. Calculate c(3).
-4
Let o(k) = k**3 - 21*k**2 + 36*k + 4. What is o(19)?
-34
Let d(y) = 2*y - 10. Calculate d(7).
4
Let p(k) = k**3 - 28*k**2 + 96*k + 6. Calculate p(24).
6
Let i(w) = w + 10. Calculate i(-17).
-7
Let h(k) = k**2 - 7*k - 18. Give h(9).
0
Let a(n) = 3*n - 15. Determine a(11).
18
Let b(q) = -4*q + 30. Calculate b(6).
6
Let c(k) = 6*k. Calculate c(-3).
-18
Let h(l) = -6*l - 1. What is h(-2)?
11
Let x(l) = l**3 - 8*l**2 + 16*l - 4. Determine x(5).
1
Let k(g) = 22*g - 1. Give k(-1).
-23
Let s(b) = -b**2 + 24*b - 10. Calculate s(24).
-10
Let u(g) = g**3 + 6*g**2 - 10*g - 4. Determine u(-7).
17
Let g(q) = -152*q - 1. Determine g(-1).
151
Let g(y) = 2*y + 39. Determine g(10).
59
Let y(t) = t**3 - 4*t**2 - 4*t + 7. What is y(5)?
12
Let x(y) = -y - 6. What is x(-13)?
7
Let y(a) = -2*a**2 + 17*a - 43. Calculate y(8).
-35
Let i(d) = -d**3 - 3*d**2 + 2*d - 5. Give i(-4).
3
Let o(l) = -l**3 + 11*l**2 + 6*l + 16. Give o(12).
-56
Let s(m) = -m**3 - 30*m**2 - 4*m - 66. Determine s(-30).
54
Let d(p) = -p**2 + 12*p - 31. Give d(10).
-11
Let r(i) = i - 6. Determine r(-1).
-7
Let p(k) = -5*k - 131. Determine p(-25).
-6
Let o(j) = -6*j + 55. Determine o(12).
-17
Let c(k) = k**3 + 2*k**2 + 3*k + 9. Give c(-2).
3
Let g(c) = -2*c + 4. Determine g(13).
-22
Let c(i) = 2*i**2 - 35*i + 49. Calculate c(16).
1
Let n(d) = d**2 + 2*d - 7. What is n(-6)?
17
Let g(m) = -m**3 + 7*m**2 - 6*m - 2. Calculate g(6).
-2
Let n(t) = 36*t**2 + 3*t + 4. Calculate n(-1).
37
Let m(u) = -u - 12. Give m(-25).
13
Let q(m) = -2*m**2 - 2*m + 8. Calculate q(3).
-16
Let n(a) = -26*a + 2. Calculate n(0).
2
Let o(i) = -9*i. Give o(-2).
18
Let f(z) = 6*z - 2. Calculate f(-4).
-26
Let r(s) = s**3 + 7*s**2 + 4*s + 24. Determine r(-6).
36
Let l(r) = -107*r - 968. Give l(-9).
-5
Let o(h) = 3*h + 33. Determine o(-10).
3
Let w(t) = t**2 - 13*t + 36. What is w(10)?
6
Let j(o) = o**3 - o**2 - 7*o - 2. Determine j(5).
63
Let j(z) = 3*z + 47. Give j(-14).
5
Let t(n) = 7*n - 51. Calculate t(8).
5
Let z(v) = v**2 + 3*v - 13. Give z(-6).
5
Let z(y) = 2*y**2 - 8*y - 8. Give z(6).
16
Let m(n) = 20*n - 223. Determine m(11).
-3
Let c(v) = -8*v - 5. Calculate c(3).
-29
Let t(y) = y**2 + 13*y + 7. Calculate t(-12).
-5
Let x(h) = -h**3 + 11*h**2 - 13*h + 27. What is x(10)?
-3
Let h(o) = 8*o + 206. What is h(-26)?
-2
Let z(u) = -4*u**2 - u - 1. Determine z(2).
-19
Let m(h) = -h**3 - 17*h**2 - 2*h - 25. What is m(-17)?
9
Let d(k) = 2*k**2 - 3*k + 2. What is d(1)?
1
Let l(b) = b**2 - 24*b - 55. Give l(23).
-78
Let z(l) = 22*l - 1. What is z(-1)?
-23
Let f(u) = -12*u**2 - 3*u - 2. Give f(-1).
-11
Let m(u) = -u**2 - 9*u - 10. Determine m(-8).
-2
Let i(v) = -9*v - 24. Determine i(-3).
3
Let d(r) = -3*r - 10. Give d(9).
-37
Let z(i) = i**2 + 9*i - 10. Determine z(-11).
12
Let f(m) = -3*m + 23. Calculate f(9).
-4
Let u(f) = f**2 - 15*f + 54. Determine u(7).
-2
Let v(o) = -11*o + 42. Determine v(7).
-35
Let s(v) = v**3 + 10*v**2 + v + 14. Give s(-10).
4
Let n(c) = -c**3 + 13*c**2 + 2*c - 29. Calculate n(13).
-3
Let v(t) = -2*t**3 + 2*t**2 + 2*t - 4. What is v(2)?
-8
Let c(o) = o**3 - 10*o**2 - 11*o + 13. What is c(11)?
13
Let d(i) = -i**3 + 2*i**2 + 5*i + 2. Determine d(-2).
8
Let c(w) = w**3 - 5*w**2 + 5*w - 6. Give c(4).
-2
Let q(s) = 11*s + 59. Calculate q(-9).
-40
Let y(f) = f**2 + 16*f + 90. Determine y(-8).
26
Let k(s) = s + 1. Give k(-9).
-8
Let a(i) = i**3 - 13*i**2 - 28*i - 35. What is a(15)?
-5
Let h(t) = -3*t**3 - t**2 - 3*t + 2. Calculate h(2).
-32
Let w(x) = -x**3 + 3*x**2 + 5*x + 8. What is w(4)?
12
Let r(l) = -l**3 + 11*l**2 - 16*l - 8. Give r(3).
16
Let m(k) = k**3 - 5*k**2 + 2*k + 1. Calculate m(5).
11
Let w(k) = -k**2 - k + 11. Give w(-3).
5
Let m(d) = -15*d**3 + 3*d**2 - 2*d + 4. What is m(2)?
-108
Let s(f) = -f**2 + 13*f - 20. What is s(10)?
10
Let n(a) = -16*a + 133. Determine n(10).
-27
Let p(n) = n**3 - 22*n**2 - 22*n - 23. What is p(23)?
0
Let v(h) = -h - 22. Determine v(-14).
-8
Let f(w) = 19*w - 1. Give f(-1).
-20
Let g(v) = v**3 - 7*v**2 + 11*v + 3. Give g(6).
33
Let z(q) = 2*q**2 + 1. Determine z(-2).
9
Let m(v) = -v**2 + 3*v + 507. Determine m(24).
3
Let s(k) = 2*k + 17. What is s(-4)?
9
Let o(j) = 20*j**3 + j**2 + 4*j + 2. Give o(-1).
-21
Let f(t) = t**2 + 22*t - 12. Determine f(-18).
-84
Let o(a) = -a**2 - a + 1. Calculate o(1).
-1
Let n(u) = -5*u + 11. What is n(-3)?
26
Let l(o) = 5*o**3 + 4*o + 3. What is l(-1)?
-6
Let w(o) = -o**2 - 6*o - 8. Determine w(-4).
0
Let f(o) = -15*o + 13. Calculate f(2).
-17
Let i(v) = 3*v + 25. Calculate i(0).
25
Let m(y) = 2*y**2 - 14*y + 10. Give m(10).
70
Let g(b) = b**3 + 6*b**2 - 4*b - 17. Calculate g(-7).
-38
Let o(i) = 2*i**2 - 65*i - 105. Give o(34).
-3
Let b(t) = -t**3 - 5*t**2 + 2*t - 14. Calculate b(-6).
10
Let m(t) = 11*t - 15. Give m(4).
29
Let b(g) = g**3 - 17*g**2 - g + 41. Determine b(17).
24
Let n(r) = -14*r - 100. Give n(-10).
40
Let a(p) = -p - 12. Calculate a(-4).
-8
Let n(t) = -t + 55. Give n(0).
55
Let d(m) = m**3 - 12*m**2 + 9*m - 3. Give d(11).
-25
Let r(j) = j**3 + 4*j**2 - 5*j - 9. Calculate r(-3).
15
Let f(p) = p**3 - 7*p**2 + 4*p - 6. Determine f(5).
-36
Let l(x) = 2*x**3 + 21*x**2 - 13*x - 2. What is l(-11)?
20
Let p(w) = -w**2 + 9*w - 4. What is p(4)?
16
Let c(u) = -44*u - 395. Calculate c(-9).
1
Let t(j) = -j**2 + 10*j - 9. Calculate t(6).
15
Let u(c) =